f 25002181?
1451, 17231
What are the prime factors of 19284866?
2, 1163, 8291
What are the prime factors of 464361280?
2, 5, 61, 23789
List the prime factors of 1350814238.
2, 233, 2898743
What are the prime factors of 5064080708?
2, 3527, 358951
What are the prime factors of 388639540?
2, 5, 61, 318557
List the prime factors of 590831336.
2, 73853917
List the prime factors of 1514488171.
7, 216355453
List the prime factors of 240073720.
2, 5, 71, 84533
List the prime factors of 42184744.
2, 7, 109, 6911
What are the prime factors of 56717411?
37, 1532903
What are the prime factors of 112301365?
5, 11, 859, 2377
List the prime factors of 1745105476.
2, 127, 3435247
What are the prime factors of 257276878?
2, 17, 71, 197, 541
List the prime factors of 1249849887.
3, 11, 13, 19, 153337
What are the prime factors of 28362590?
2, 5, 2836259
What are the prime factors of 1560884611?
11, 13, 1231, 8867
What are the prime factors of 532006820?
2, 5, 1093, 24337
List the prime factors of 385380697.
13, 139, 419, 509
List the prime factors of 7472496.
2, 3, 41, 3797
What are the prime factors of 20678151?
3, 13, 530209
What are the prime factors of 235365270?
2, 3, 5, 7, 1120787
List the prime factors of 1111996247.
139, 197, 40609
List the prime factors of 161033861.
83, 1303, 1489
What are the prime factors of 215287013?
67, 3213239
List the prime factors of 17738865.
3, 5, 23, 29, 197
List the prime factors of 305470184.
2, 38183773
What are the prime factors of 2204124231?
3, 9067, 81031
What are the prime factors of 3288234585?
3, 5, 37, 61, 97127
List the prime factors of 119450402.
2, 193, 309457
List the prime factors of 51415226.
2, 113, 227501
List the prime factors of 414990046.
2, 449, 521, 887
What are the prime factors of 61251269?
19, 3223751
List the prime factors of 3583713344.
2, 55995521
What are the prime factors of 42529331?
13, 3271487
List the prime factors of 48738329.
61, 97, 8237
What are the prime factors of 747620250?
2, 3, 5, 13, 76679
What are the prime factors of 2154753023?
47, 45845809
What are the prime factors of 642605043?
3, 593, 361217
What are the prime factors of 203831831?
7, 443, 65731
List the prime factors of 78809032.
2, 9851129
List the prime factors of 41776494.
2, 3, 1601, 4349
List the prime factors of 64659792.
2, 3, 29, 46451
List the prime factors of 23797411.
11, 2163401
List the prime factors of 891572592.
2, 3, 337, 55117
What are the prime factors of 20501021?
20501021
List the prime factors of 29245887.
3, 11, 59, 1669
What are the prime factors of 85023933?
3, 353, 80287
What are the prime factors of 78654298?
2, 39327149
What are the prime factors of 290414425?
5, 7, 237073
What are the prime factors of 32370582?
2, 3, 5395097
List the prime factors of 543013739.
23, 37, 27743
List the prime factors of 3882025658.
2, 7, 197, 1407551
What are the prime factors of 19245486?
2, 3, 13, 137, 1801
List the prime factors of 2878787462.
2, 659, 2184209
What are the prime factors of 1114041947?
31, 131, 397, 691
List the prime factors of 167073370.
2, 5, 163, 102499
List the prime factors of 2300852955.
3, 5, 23, 37, 180247
What are the prime factors of 2885867982?
2, 3, 181, 251, 3529
What are the prime factors of 33440101?
33440101
List the prime factors of 40991035.
5, 1697, 4831
List the prime factors of 106981043.
13, 461, 17851
What are the prime factors of 352382986?
2, 176191493
List the prime factors of 596527789.
11, 13, 4171523
List the prime factors of 173701591.
7, 19, 1306027
List the prime factors of 25435908.
2, 3, 19, 41, 907
What are the prime factors of 212949295?
5, 13, 23, 10957
What are the prime factors of 57543462?
2, 3, 3196859
List the prime factors of 1477100167.
2383, 619849
List the prime factors of 395893953.
3, 7, 13, 59, 2731
List the prime factors of 503388513.
3, 17, 365569
What are the prime factors of 796171500?
2, 3, 5, 176927
List the prime factors of 60822584.
2, 7602823
What are the prime factors of 14756827?
14756827
What are the prime factors of 79970642?
2, 103, 3769
What are the prime factors of 718651206?
2, 3, 7, 13, 33749
List the prime factors of 147954369.
3, 49318123
What are the prime factors of 167403179?
241, 694619
What are the prime factors of 24351576?
2, 3, 1014649
List the prime factors of 113901743.
139, 819437
List the prime factors of 3039896342.
2, 7, 9479, 22907
What are the prime factors of 117335049?
3, 13, 157, 19163
List the prime factors of 81988471.
81988471
List the prime factors of 423808574.
2, 7, 881, 34361
List the prime factors of 109328548.
2, 7, 3904591
List the prime factors of 422024967.
3, 7, 13, 515293
List the prime factors of 713380453.
541, 1318633
List the prime factors of 118266834.
2, 3, 7, 2815877
What are the prime factors of 268525358?
2, 4093, 32803
List the prime factors of 199419249.
3, 31, 251, 8543
List the prime factors of 38943340.
2, 5, 53, 36739
What are the prime factors of 30141731?
17, 257, 6899
List the prime factors of 439927817.
7, 37, 191, 8893
List the prime factors of 602180244.
2, 3, 29, 7121
List the prime factors of 2498137933.
43, 3271, 17761
What are the prime factors of 124977662?
2, 1433, 43607
List the prime factors of 132403372.
2, 33100843
What are the prime factors of 530260024?
2, 7, 37, 255917
What are the prime factors of 219330640?
2, 5, 2741633
List the prime factors of 56650611.
3, 18883537
List the prime factors of 1393893919.
11, 126717629
What are the prime factors of 7190768?
2, 13, 181, 191
What are the prime factors of 679563841?
11, 307, 201233
What are the prime factors of 2315934274?
2, 311, 433, 8599
List the prime factors of 38199143.
38199143
List the prime factors of 405099004.
2, 107, 367, 2579
What are the prime factors of 126477361?
126477361
What are the prime factors of 1953040?
2, 5, 24413
List the prime factors of 278644711.
137, 2033903
List the prime factors of 70868702.
2, 61, 580891
List the prime factors of 644388193.
2399, 268607
What are the prime factors of 473463117?
3, 3877, 4523
What are the prime factors of 740175031?
1237, 598363
What are the prime factors of 125063479?
43, 401, 7253
What are the prime factors of 358365078?
2, 3, 1451, 13721
What are the prime factors of 19111841?
7, 29, 31, 3037
What are the prime factors of 106028705?
5, 1361, 15581
What are the prime factors of 214943839?
11, 67, 291647
What are the prime factors of 136691765?
5, 7, 541, 7219
What are the prime factors of 165146035?
5, 2141, 15427
What are the prime factors of 478620979?
191, 449, 5581
What are the prime factors of 50421952?
2, 7, 29, 3881
What are the prime factors of 37133062?
2, 293, 63367
List the prime factors of 127617977.
127617977
List the prime factors of 284130779.
31, 41, 223549
What are the prime factors of 24429439?
199, 122761
List the prime factors of 5294526041.
7, 16453, 45971
List the prime factors of 88924709.
31, 2868539
What are the prime factors of 28758409?
28758409
List the prime factors of 1433236624.
2, 89577289
What are the prime factors of 2646210209?
36607, 72287
List the prime factors of 2819662171.
2819662171
List the prime factors of 1306646667.
3, 48394321
What are the prime factors of 44841368?
2, 11, 13, 19, 2063
What are the prime factors of 48679282?
2, 24339641
What are the prime factors of 52420359?
3, 1693, 10321
List the prime factors of 268211881.
7, 38315983
List the prime factors of 46607030.
2, 5, 17, 16127
What are the prime factors of 75965702?
2, 41, 926411
What are the prime factors of 23590515?
3, 5, 13, 120977
List the prime factors of 1681572666.
2, 3, 73, 467, 8221
What are the prime factors of 5416942028?
2, 19, 43, 1657571
What are the prime factors of 35346184?
2, 4418273
What are the prime factors of 156329172?
2, 3, 83, 113, 463
What are the prime factors of 13620447?
3, 504461
List the prime factors of 7874280612.
2, 3, 11, 31, 641437
List the prime factors of 24935233.
137, 182009
What are the prime factors of 37197556?
2, 11, 61, 13859
List the prime factors of 83151637.
43, 1933759
List the prime factors of 1080912321.
3, 120101369
List the prime factors of 841879172.
2, 5237, 40189
What are the prime factors of 329571721?
137, 2405633
List the prime factors of 178584634.
2, 997, 89561
What are t